{"id":72,"date":"2017-07-12T05:54:00","date_gmt":"2017-07-12T05:54:00","guid":{"rendered":"https:\/\/www.somecdeeloro.com\/index.php\/services\/"},"modified":"2023-03-10T11:33:35","modified_gmt":"2023-03-10T16:33:35","slug":"services","status":"publish","type":"page","link":"https:\/\/www.somecdeeloro.com\/index.php\/services\/","title":{"rendered":"Secretaria General"},"content":{"rendered":"\t\t<div data-elementor-type=\"wp-post\" data-elementor-id=\"72\" class=\"elementor elementor-72\">\n\t\t\t\t\t\t<section class=\"elementor-section elementor-top-section elementor-element elementor-element-4f252dc elementor-section-boxed elementor-section-height-default elementor-section-height-default\" data-id=\"4f252dc\" data-element_type=\"section\">\n\t\t\t\t\t\t<div class=\"elementor-container elementor-column-gap-default\">\n\t\t\t\t\t<div class=\"elementor-column elementor-col-100 elementor-top-column elementor-element elementor-element-0b28a2e\" data-id=\"0b28a2e\" data-element_type=\"column\">\n\t\t\t<div class=\"elementor-widget-wrap elementor-element-populated\">\n\t\t\t\t\t\t<div class=\"elementor-element elementor-element-558a0ba elementor-widget elementor-widget-image\" data-id=\"558a0ba\" data-element_type=\"widget\" data-widget_type=\"image.default\">\n\t\t\t\t<div class=\"elementor-widget-container\">\n\t\t\t\t\t\t\t\t\t\t\t\t\t\t\t<img fetchpriority=\"high\" decoding=\"async\" width=\"1024\" height=\"576\" src=\"https:\/\/www.somecdeeloro.com\/wp-content\/uploads\/2023\/03\/Blue-Modern-Company-Profile-Presentation-1-1024x576.png\" class=\"attachment-large size-large wp-image-2098\" alt=\"\" srcset=\"https:\/\/www.somecdeeloro.com\/wp-content\/uploads\/2023\/03\/Blue-Modern-Company-Profile-Presentation-1-1024x576.png 1024w, https:\/\/www.somecdeeloro.com\/wp-content\/uploads\/2023\/03\/Blue-Modern-Company-Profile-Presentation-1-300x169.png 300w, https:\/\/www.somecdeeloro.com\/wp-content\/uploads\/2023\/03\/Blue-Modern-Company-Profile-Presentation-1-768x432.png 768w, https:\/\/www.somecdeeloro.com\/wp-content\/uploads\/2023\/03\/Blue-Modern-Company-Profile-Presentation-1-1536x864.png 1536w, https:\/\/www.somecdeeloro.com\/wp-content\/uploads\/2023\/03\/Blue-Modern-Company-Profile-Presentation-1.png 1920w\" sizes=\"(max-width: 1024px) 100vw, 1024px\" \/>\t\t\t\t\t\t\t\t\t\t\t\t\t\t\t<\/div>\n\t\t\t\t<\/div>\n\t\t\t\t\t<\/div>\n\t\t<\/div>\n\t\t\t\t\t<\/div>\n\t\t<\/section>\n\t\t\t\t<section class=\"elementor-section elementor-top-section elementor-element elementor-element-1f95275 elementor-section-boxed elementor-section-height-default elementor-section-height-default\" data-id=\"1f95275\" data-element_type=\"section\" data-settings=\"{&quot;background_background&quot;:&quot;classic&quot;}\">\n\t\t\t\t\t\t<div class=\"elementor-container elementor-column-gap-no\">\n\t\t\t\t\t<div class=\"elementor-column elementor-col-100 elementor-top-column elementor-element elementor-element-a7a226e\" data-id=\"a7a226e\" data-element_type=\"column\">\n\t\t\t<div class=\"elementor-widget-wrap elementor-element-populated\">\n\t\t\t\t\t\t<section class=\"elementor-section elementor-inner-section elementor-element elementor-element-77f0159 elementor-section-content-middle elementor-section-boxed elementor-section-height-default elementor-section-height-default\" data-id=\"77f0159\" data-element_type=\"section\">\n\t\t\t\t\t\t<div class=\"elementor-container elementor-column-gap-no\">\n\t\t\t\t\t<div class=\"elementor-column elementor-col-50 elementor-inner-column elementor-element elementor-element-00e0e30 elementor-invisible\" data-id=\"00e0e30\" data-element_type=\"column\" data-settings=\"{&quot;animation&quot;:&quot;bounceInLeft&quot;}\">\n\t\t\t<div class=\"elementor-widget-wrap elementor-element-populated\">\n\t\t\t\t\t\t<div class=\"elementor-element elementor-element-e11114a elementor-widget elementor-widget-image\" data-id=\"e11114a\" data-element_type=\"widget\" data-widget_type=\"image.default\">\n\t\t\t\t<div class=\"elementor-widget-container\">\n\t\t\t\t\t\t\t\t\t\t\t\t\t\t\t<img decoding=\"async\" width=\"1080\" height=\"720\" src=\"https:\/\/www.somecdeeloro.com\/wp-content\/uploads\/2023\/03\/WhatsApp-Image-2023-03-07-at-9.50.21-AM.jpeg\" class=\"attachment-full size-full wp-image-2102\" alt=\"\" srcset=\"https:\/\/www.somecdeeloro.com\/wp-content\/uploads\/2023\/03\/WhatsApp-Image-2023-03-07-at-9.50.21-AM.jpeg 1080w, https:\/\/www.somecdeeloro.com\/wp-content\/uploads\/2023\/03\/WhatsApp-Image-2023-03-07-at-9.50.21-AM-300x200.jpeg 300w, https:\/\/www.somecdeeloro.com\/wp-content\/uploads\/2023\/03\/WhatsApp-Image-2023-03-07-at-9.50.21-AM-1024x683.jpeg 1024w, https:\/\/www.somecdeeloro.com\/wp-content\/uploads\/2023\/03\/WhatsApp-Image-2023-03-07-at-9.50.21-AM-768x512.jpeg 768w\" sizes=\"(max-width: 1080px) 100vw, 1080px\" \/>\t\t\t\t\t\t\t\t\t\t\t\t\t\t\t<\/div>\n\t\t\t\t<\/div>\n\t\t\t\t\t<\/div>\n\t\t<\/div>\n\t\t\t\t<div class=\"elementor-column elementor-col-50 elementor-inner-column elementor-element elementor-element-63fed22\" data-id=\"63fed22\" data-element_type=\"column\">\n\t\t\t<div class=\"elementor-widget-wrap elementor-element-populated\">\n\t\t\t\t\t\t<div class=\"elementor-element elementor-element-539598c elementor-widget elementor-widget-heading\" data-id=\"539598c\" data-element_type=\"widget\" data-widget_type=\"heading.default\">\n\t\t\t\t<div class=\"elementor-widget-container\">\n\t\t\t\t\t<h2 class=\"elementor-heading-title elementor-size-default\">Secretaria General de SOMEC DE EL ORO<\/h2>\t\t\t\t<\/div>\n\t\t\t\t<\/div>\n\t\t\t\t<div class=\"elementor-element elementor-element-1f786e77 elementor-widget-divider--view-line elementor-widget elementor-widget-divider\" data-id=\"1f786e77\" data-element_type=\"widget\" data-widget_type=\"divider.default\">\n\t\t\t\t<div class=\"elementor-widget-container\">\n\t\t\t\t\t\t\t<div class=\"elementor-divider\">\n\t\t\t<span class=\"elementor-divider-separator\">\n\t\t\t\t\t\t<\/span>\n\t\t<\/div>\n\t\t\t\t\t\t<\/div>\n\t\t\t\t<\/div>\n\t\t\t\t<div class=\"elementor-element elementor-element-fa634f8 elementor-widget elementor-widget-text-editor\" data-id=\"fa634f8\" data-element_type=\"widget\" data-widget_type=\"text-editor.default\">\n\t\t\t\t<div class=\"elementor-widget-container\">\n\t\t\t\t\t\t\t\t\t<p>Actualmente la Secretaria General se encuentra dirigida por la Sra. Faviola de Jes\u00fas Rueda Rodr\u00edguez, quien lleva este cargo, a partir del mes de mayo del a\u00f1o 2017. Habiendo sido la primera mujer Operadora en desempe\u00f1ar esta funci\u00f3n a lo largo de la historia del sindicato. El excelente desempe\u00f1o, su espontaneidad y humildad la han hecho merecedora de la confianza de sus compa\u00f1eros lo cual le ha permitido ser reelegida por un periodo consecutivo, es as\u00ed que actualmente ostenta el cargo de Secretaria General periodo 2021-2025. As\u00ed mismo a nivel nacional se ha destacado llegando a ocupar importante cargo en la Secretaria de la Mujer de la FEDESOMEC, dicho cargo le ha permito representar a la Mujer Operadora Ecuatoriana a nivel Internacional en distintos foros y congresos de la Internacional de la Construcci\u00f3n y la Madera \u201cICM\u201d, a la cual la Federaci\u00f3n est\u00e1 afiliada.<\/p>\t\t\t\t\t\t\t\t<\/div>\n\t\t\t\t<\/div>\n\t\t\t\t\t<\/div>\n\t\t<\/div>\n\t\t\t\t\t<\/div>\n\t\t<\/section>\n\t\t\t\t<section class=\"elementor-section elementor-inner-section elementor-element elementor-element-db84d86 elementor-section-content-middle elementor-section-boxed elementor-section-height-default elementor-section-height-default\" data-id=\"db84d86\" data-element_type=\"section\">\n\t\t\t\t\t\t<div class=\"elementor-container elementor-column-gap-no\">\n\t\t\t\t\t<div class=\"elementor-column elementor-col-50 elementor-inner-column elementor-element elementor-element-bd8f55f\" data-id=\"bd8f55f\" data-element_type=\"column\">\n\t\t\t<div class=\"elementor-widget-wrap elementor-element-populated\">\n\t\t\t\t\t\t<div class=\"elementor-element elementor-element-398c2bd elementor-widget-divider--view-line elementor-widget elementor-widget-divider\" data-id=\"398c2bd\" data-element_type=\"widget\" data-widget_type=\"divider.default\">\n\t\t\t\t<div class=\"elementor-widget-container\">\n\t\t\t\t\t\t\t<div class=\"elementor-divider\">\n\t\t\t<span class=\"elementor-divider-separator\">\n\t\t\t\t\t\t<\/span>\n\t\t<\/div>\n\t\t\t\t\t\t<\/div>\n\t\t\t\t<\/div>\n\t\t\t\t<div class=\"elementor-element elementor-element-250d04e elementor-widget elementor-widget-text-editor\" data-id=\"250d04e\" data-element_type=\"widget\" data-widget_type=\"text-editor.default\">\n\t\t\t\t<div class=\"elementor-widget-container\">\n\t\t\t\t\t\t\t\t\t<p>El Comit\u00e9 Ejecutivo que la acompa\u00f1an, trabajan arduamente en promover la capacitaci\u00f3n de nuestros compa\u00f1eros operadores y mec\u00e1nicos de equipos camineros, as\u00ed mismo se dedican a fomentar el crecimiento de la organizaci\u00f3n de manera s\u00f3lida, para el beneficio de sus afiliados. El compromiso adquirido impulsar la capacitaci\u00f3n profesional, impulsar la capacitaci\u00f3n pol\u00edtica sindical, mantener estrechas relaciones con organizaciones de trabajadores, y sobre todo defender los derechos de los afiliados y de todos los trabajadores ecuatorianos.<\/p>\t\t\t\t\t\t\t\t<\/div>\n\t\t\t\t<\/div>\n\t\t\t\t\t<\/div>\n\t\t<\/div>\n\t\t\t\t<div class=\"elementor-column elementor-col-50 elementor-inner-column elementor-element elementor-element-d965642\" data-id=\"d965642\" data-element_type=\"column\">\n\t\t\t<div class=\"elementor-widget-wrap elementor-element-populated\">\n\t\t\t\t\t\t<div class=\"elementor-element elementor-element-9a4bb93 elementor-widget elementor-widget-image\" data-id=\"9a4bb93\" data-element_type=\"widget\" data-widget_type=\"image.default\">\n\t\t\t\t<div class=\"elementor-widget-container\">\n\t\t\t\t\t\t\t\t\t\t\t\t\t\t\t<img decoding=\"async\" width=\"1600\" height=\"1067\" src=\"https:\/\/www.somecdeeloro.com\/wp-content\/uploads\/2023\/03\/WhatsApp-Image-2023-03-07-at-10.13.06-AM-2.jpeg\" class=\"attachment-full size-full wp-image-2103\" alt=\"\" srcset=\"https:\/\/www.somecdeeloro.com\/wp-content\/uploads\/2023\/03\/WhatsApp-Image-2023-03-07-at-10.13.06-AM-2.jpeg 1600w, https:\/\/www.somecdeeloro.com\/wp-content\/uploads\/2023\/03\/WhatsApp-Image-2023-03-07-at-10.13.06-AM-2-300x200.jpeg 300w, https:\/\/www.somecdeeloro.com\/wp-content\/uploads\/2023\/03\/WhatsApp-Image-2023-03-07-at-10.13.06-AM-2-1024x683.jpeg 1024w, https:\/\/www.somecdeeloro.com\/wp-content\/uploads\/2023\/03\/WhatsApp-Image-2023-03-07-at-10.13.06-AM-2-768x512.jpeg 768w, https:\/\/www.somecdeeloro.com\/wp-content\/uploads\/2023\/03\/WhatsApp-Image-2023-03-07-at-10.13.06-AM-2-1536x1024.jpeg 1536w\" sizes=\"(max-width: 1600px) 100vw, 1600px\" \/>\t\t\t\t\t\t\t\t\t\t\t\t\t\t\t<\/div>\n\t\t\t\t<\/div>\n\t\t\t\t\t<\/div>\n\t\t<\/div>\n\t\t\t\t\t<\/div>\n\t\t<\/section>\n\t\t\t\t\t<\/div>\n\t\t<\/div>\n\t\t\t\t\t<\/div>\n\t\t<\/section>\n\t\t\t\t<section class=\"elementor-section elementor-top-section elementor-element elementor-element-d3e86b8 elementor-section-boxed elementor-section-height-default elementor-section-height-default\" data-id=\"d3e86b8\" data-element_type=\"section\">\n\t\t\t\t\t\t<div class=\"elementor-container elementor-column-gap-default\">\n\t\t\t\t\t<div class=\"elementor-column elementor-col-50 elementor-top-column elementor-element elementor-element-6801211\" data-id=\"6801211\" data-element_type=\"column\">\n\t\t\t<div class=\"elementor-widget-wrap elementor-element-populated\">\n\t\t\t\t\t\t<div class=\"elementor-element elementor-element-f46652e elementor-invisible elementor-widget elementor-widget-image\" data-id=\"f46652e\" data-element_type=\"widget\" data-settings=\"{&quot;_animation&quot;:&quot;slideInLeft&quot;}\" data-widget_type=\"image.default\">\n\t\t\t\t<div class=\"elementor-widget-container\">\n\t\t\t\t\t\t\t\t\t\t\t\t\t\t\t<img loading=\"lazy\" decoding=\"async\" width=\"1024\" height=\"708\" src=\"https:\/\/www.somecdeeloro.com\/wp-content\/uploads\/2023\/03\/meeting-1024x708-1.png\" class=\"attachment-large size-large wp-image-2118\" alt=\"\" srcset=\"https:\/\/www.somecdeeloro.com\/wp-content\/uploads\/2023\/03\/meeting-1024x708-1.png 1024w, https:\/\/www.somecdeeloro.com\/wp-content\/uploads\/2023\/03\/meeting-1024x708-1-300x207.png 300w, https:\/\/www.somecdeeloro.com\/wp-content\/uploads\/2023\/03\/meeting-1024x708-1-768x531.png 768w\" sizes=\"(max-width: 1024px) 100vw, 1024px\" \/>\t\t\t\t\t\t\t\t\t\t\t\t\t\t\t<\/div>\n\t\t\t\t<\/div>\n\t\t\t\t\t<\/div>\n\t\t<\/div>\n\t\t\t\t<div class=\"elementor-column elementor-col-50 elementor-top-column elementor-element elementor-element-a8a3875\" data-id=\"a8a3875\" data-element_type=\"column\">\n\t\t\t<div class=\"elementor-widget-wrap elementor-element-populated\">\n\t\t\t\t\t\t<div class=\"elementor-element elementor-element-52806b2 elementor-widget elementor-widget-spacer\" data-id=\"52806b2\" data-element_type=\"widget\" data-widget_type=\"spacer.default\">\n\t\t\t\t<div class=\"elementor-widget-container\">\n\t\t\t\t\t\t\t<div class=\"elementor-spacer\">\n\t\t\t<div class=\"elementor-spacer-inner\"><\/div>\n\t\t<\/div>\n\t\t\t\t\t\t<\/div>\n\t\t\t\t<\/div>\n\t\t\t\t<div class=\"elementor-element elementor-element-08b94ff elementor-widget elementor-widget-text-editor\" data-id=\"08b94ff\" data-element_type=\"widget\" data-widget_type=\"text-editor.default\">\n\t\t\t\t<div class=\"elementor-widget-container\">\n\t\t\t\t\t\t\t\t\t<p><strong>El Comit\u00e9 Ejecutivo est\u00e1 integrado por las siguientes secretar\u00edas (Principal y Suplente):<\/strong><\/p><ol><li>Secretar\u00eda General.<\/li><li>Secretar\u00eda de Organizaci\u00f3n, Prensa y Propaganda.<\/li><li>Secretar\u00eda de Actas y Comunicaciones.<\/li><li>Secretar\u00eda de Justicia, Vialidad y Tr\u00e1nsito.<\/li><li>Secretar\u00eda de Finanzas.<\/li><li>Secretar\u00eda Capacitaci\u00f3n, Cultura y Deportes.<\/li><li>Secretar\u00eda de Defensa Jur\u00eddica.<\/li><\/ol>\t\t\t\t\t\t\t\t<\/div>\n\t\t\t\t<\/div>\n\t\t\t\t\t<\/div>\n\t\t<\/div>\n\t\t\t\t\t<\/div>\n\t\t<\/section>\n\t\t\t\t<section class=\"elementor-section elementor-top-section elementor-element elementor-element-97ae09e elementor-section-boxed elementor-section-height-default elementor-section-height-default\" data-id=\"97ae09e\" data-element_type=\"section\">\n\t\t\t\t\t\t<div class=\"elementor-container elementor-column-gap-default\">\n\t\t\t\t\t<div class=\"elementor-column elementor-col-50 elementor-top-column elementor-element elementor-element-3510c68\" data-id=\"3510c68\" data-element_type=\"column\">\n\t\t\t<div class=\"elementor-widget-wrap elementor-element-populated\">\n\t\t\t\t\t\t<div class=\"elementor-element elementor-element-632d44e elementor-widget elementor-widget-heading\" data-id=\"632d44e\" data-element_type=\"widget\" data-widget_type=\"heading.default\">\n\t\t\t\t<div class=\"elementor-widget-container\">\n\t\t\t\t\t<h5 class=\"elementor-heading-title elementor-size-default\">AFILIACIONES:<\/h5>\t\t\t\t<\/div>\n\t\t\t\t<\/div>\n\t\t\t\t<div class=\"elementor-element elementor-element-7536844 elementor-widget elementor-widget-text-editor\" data-id=\"7536844\" data-element_type=\"widget\" data-widget_type=\"text-editor.default\">\n\t\t\t\t<div class=\"elementor-widget-container\">\n\t\t\t\t\t\t\t\t\tSE ACEPTAN AFILIACIONES DESDE EL 05 DE ENERO HASTA EL 25 DE OCTUBRE\n<ol>\n \t<li>Solicitud De Ingreso Para Ser Socio (indicar n\u00ba de celular o tel\u00e9fono al final del escrito).<\/li>\n \t<li>Copia de cedula y certificado de votaci\u00f3n a colores<\/li>\n \t<li>Copia de Titulo Notariado a colores<\/li>\n \t<li>Copia de licencia tipo \u201cG\u201d Notariada<\/li>\n \t<li>1 certificado de honorabilidad de una persona ajena al sindicato.<\/li>\n \t<li>4 recomendaciones de Socios Activos de Base de SOMEC<\/li>\n \t<li>2 Fotos tama\u00f1o carnet actuales<\/li>\n<li>2 Copia de Planilla de Energ\u00eda El\u00e9ctrica del domicilio vigente<\/li>\n\n<\/ol>\t\t\t\t\t\t\t\t<\/div>\n\t\t\t\t<\/div>\n\t\t\t\t\t<\/div>\n\t\t<\/div>\n\t\t\t\t<div class=\"elementor-column elementor-col-50 elementor-top-column elementor-element elementor-element-224029a\" data-id=\"224029a\" data-element_type=\"column\">\n\t\t\t<div class=\"elementor-widget-wrap elementor-element-populated\">\n\t\t\t\t\t\t<div class=\"elementor-element elementor-element-52222bc elementor-widget elementor-widget-spacer\" data-id=\"52222bc\" data-element_type=\"widget\" data-widget_type=\"spacer.default\">\n\t\t\t\t<div class=\"elementor-widget-container\">\n\t\t\t\t\t\t\t<div class=\"elementor-spacer\">\n\t\t\t<div class=\"elementor-spacer-inner\"><\/div>\n\t\t<\/div>\n\t\t\t\t\t\t<\/div>\n\t\t\t\t<\/div>\n\t\t\t\t<div class=\"elementor-element elementor-element-1eeeb99 elementor-invisible elementor-widget elementor-widget-image\" data-id=\"1eeeb99\" data-element_type=\"widget\" data-settings=\"{&quot;_animation&quot;:&quot;slideInRight&quot;}\" data-widget_type=\"image.default\">\n\t\t\t\t<div class=\"elementor-widget-container\">\n\t\t\t\t\t\t\t\t\t\t\t\t\t\t\t<img loading=\"lazy\" decoding=\"async\" width=\"1024\" height=\"576\" src=\"https:\/\/www.somecdeeloro.com\/wp-content\/uploads\/2023\/03\/\u00bfQue\u0301-es-el-marketing-de-afiliacio\u0301n-y-co\u0301mo-funciona_header-1024x576.png\" class=\"attachment-large size-large wp-image-2122\" alt=\"\" srcset=\"https:\/\/www.somecdeeloro.com\/wp-content\/uploads\/2023\/03\/\u00bfQue\u0301-es-el-marketing-de-afiliacio\u0301n-y-co\u0301mo-funciona_header-1024x576.png 1024w, https:\/\/www.somecdeeloro.com\/wp-content\/uploads\/2023\/03\/\u00bfQue\u0301-es-el-marketing-de-afiliacio\u0301n-y-co\u0301mo-funciona_header-300x169.png 300w, https:\/\/www.somecdeeloro.com\/wp-content\/uploads\/2023\/03\/\u00bfQue\u0301-es-el-marketing-de-afiliacio\u0301n-y-co\u0301mo-funciona_header-768x432.png 768w, https:\/\/www.somecdeeloro.com\/wp-content\/uploads\/2023\/03\/\u00bfQue\u0301-es-el-marketing-de-afiliacio\u0301n-y-co\u0301mo-funciona_header.png 1350w\" sizes=\"(max-width: 1024px) 100vw, 1024px\" \/>\t\t\t\t\t\t\t\t\t\t\t\t\t\t\t<\/div>\n\t\t\t\t<\/div>\n\t\t\t\t\t<\/div>\n\t\t<\/div>\n\t\t\t\t\t<\/div>\n\t\t<\/section>\n\t\t\t\t<\/div>\n\t\t","protected":false},"excerpt":{"rendered":"<p>Secretaria General de SOMEC DE EL ORO Actualmente la Secretaria General se encuentra dirigida por la Sra. Faviola de Jes\u00fas Rueda Rodr\u00edguez, quien lleva este cargo, a partir del mes de mayo del a\u00f1o 2017. Habiendo sido la primera mujer Operadora en desempe\u00f1ar esta funci\u00f3n a lo largo de la historia del sindicato. El excelente &hellip;<\/p>\n<p class=\"read-more\"> <a class=\"\" href=\"https:\/\/www.somecdeeloro.com\/index.php\/services\/\"> <span class=\"screen-reader-text\">Secretaria General<\/span> Leer m\u00e1s &raquo;<\/a><\/p>\n","protected":false},"author":1,"featured_media":0,"parent":0,"menu_order":0,"comment_status":"closed","ping_status":"closed","template":"","meta":{"site-sidebar-layout":"no-sidebar","site-content-layout":"page-builder","ast-global-header-display":"","ast-main-header-display":"","ast-hfb-above-header-display":"","ast-hfb-below-header-display":"","ast-hfb-mobile-header-display":"","site-post-title":"disabled","ast-breadcrumbs-content":"","ast-featured-img":"disabled","footer-sml-layout":"","theme-transparent-header-meta":"enabled","adv-header-id-meta":"","stick-header-meta":"","header-above-stick-meta":"","header-main-stick-meta":"","header-below-stick-meta":"","_joinchat":[],"footnotes":""},"class_list":["post-72","page","type-page","status-publish","hentry"],"_links":{"self":[{"href":"https:\/\/www.somecdeeloro.com\/index.php\/wp-json\/wp\/v2\/pages\/72","targetHints":{"allow":["GET"]}}],"collection":[{"href":"https:\/\/www.somecdeeloro.com\/index.php\/wp-json\/wp\/v2\/pages"}],"about":[{"href":"https:\/\/www.somecdeeloro.com\/index.php\/wp-json\/wp\/v2\/types\/page"}],"author":[{"embeddable":true,"href":"https:\/\/www.somecdeeloro.com\/index.php\/wp-json\/wp\/v2\/users\/1"}],"replies":[{"embeddable":true,"href":"https:\/\/www.somecdeeloro.com\/index.php\/wp-json\/wp\/v2\/comments?post=72"}],"version-history":[{"count":21,"href":"https:\/\/www.somecdeeloro.com\/index.php\/wp-json\/wp\/v2\/pages\/72\/revisions"}],"predecessor-version":[{"id":2125,"href":"https:\/\/www.somecdeeloro.com\/index.php\/wp-json\/wp\/v2\/pages\/72\/revisions\/2125"}],"wp:attachment":[{"href":"https:\/\/www.somecdeeloro.com\/index.php\/wp-json\/wp\/v2\/media?parent=72"}],"curies":[{"name":"wp","href":"https:\/\/api.w.org\/{rel}","templated":true}]}}